
-3
Let y(h) = -h - 2. Let n(d) be the second derivative of -d**4/12 - 2*d**3/3 - 3*d**2 + 40*d. Let k be n(-4). Determine y(k).
4
Let c(t) = t**3 + 7*t**2 - t - 2. Let a = -79 + 88. Suppose -15*d - 42 = -a*d. Calculate c(d).
5
Let g(d) be the first derivative of -27*d**2/2 + 21*d - 567. What is g(1)?
-6
Let i(h) = 2*h - 22. Let g = 431 - 420. Give i(g).
0
Let u = -5 + 8. Suppose -4*b + 800 = -2*a + 196, b + 5*a = 162. Let q(v) = -b*v**2 + 2 + 0*v + 151*v**2 + v. What is q(u)?
-4
Let b(x) be the second derivative of -x**6/120 - x**5/60 - x**4/24 - 5*x**3/6 + 5*x**2/2 - 10*x. Let l(u) be the first derivative of b(u). Calculate l(0).
-5
Let i(f) = -f**3 + f**2 + 11. Let m be i(0). Let y(b) = -6*b**2 + 14*b**2 + 8*b - 7*b**2 - m. Determine y(-9).
-2
Let y be (68/(-85))/(4/(-10)). Suppose 0*r + 60 = 4*r. Let f(n) = -n + r + 2*n**y - 15. Calculate f(1).
1
Let n be (-420)/(-42) + (-7 - 1). Let l be (2/(-5))/((-1)/5). Let j(k) = -k - 2*k - 2*k**l + 2*k. What is j(n)?
-10
Let k = 445 - 443. Let l(y) = -5*y + 6. Let x(t) = -2*t + 2. Let r(f) = -6*l(f) + 17*x(f). What is r(k)?
-10
Let m = 22 - 20. Let l(n) = n**m + 1 - 3 + 0*n**2 - 3 + 5*n. Give l(-5).
-5
Let t(p) = p**3 - 29*p**2 - 30*p + 4. Let y be t(30). Let c(m) = 11*m**2 - m**3 - y*m**2 + 24*m - 23*m - 3. Give c(7).
4
Suppose u + 4*u = 65. Let i(s) = -4*s - s**2 - u*s + 8*s + 1. Give i(-9).
1
Suppose 3*c = -5*i + 2*i + 195, -2*i + 115 = -c. Let u be (i/(-45))/(1/(-15)). Let r be 0 + 0 - 20/u. Let h(o) = -o + 1. Determine h(r).
2
Let l = -4 + 8. Let x = l - 1. Let n(o) = x - 5 + o + 2 - 4. Calculate n(6).
2
Suppose -2*s - 14 = -0. Let d(g) be the first derivative of g**4/4 + 8*g**3/3 + 2*g**2 - 6*g - 223. What is d(s)?
15
Let s(c) = 3 - 7*c - 9*c**2 - c**2 - c**3 + 0*c**3. Suppose 43*t + 16*t = 24*t - 315. Calculate s(t).
-15
Let q(n) = -n**3 - n**2 - 11. Suppose 2*v = -2*v + 2*x + 20, 5*v - 31 = x. Let p(i) = i**2 - 7*i + 2. Let w be p(v). Suppose -3*d + w*d = 0. What is q(d)?
-11
Let f(t) = -25 + 14 - 19*t + 21*t + 8. Give f(0).
-3
Suppose 2*s = 5*s - 27. Let o = s - 4. Let b(z) = -6*z**2 + 4*z + 0*z + z + z**3. Calculate b(o).
0
Let o(d) be the first derivative of -d**2/2 + 7*d - 3. Suppose 0 = -i + 29 - 7. Let g = i - 22. What is o(g)?
7
Let w(v) = 3*v**2 - 4*v - 5. Suppose 10*x - 37 - 3 = 0. Calculate w(x).
27
Let x(k) = 5*k + 4. Let h(l) = 17*l + 9. Let b(a) = -3*h(a) + 8*x(a). Calculate b(-4).
49
Let d(y) = -7*y**3 - 8*y**2 + 2*y - 7. Let a(p) = 3*p**3 + 4*p**2 - p + 3. Let t(h) = 5*a(h) + 2*d(h). Suppose -2*s + 7*s = -20. Calculate t(s).
5
Let i(x) = x**2 + 8*x + 9. Suppose 9*r = 12*r + 9. Let m be (-1 - (r + 1))*-6. Calculate i(m).
-3
Let n(b) = 3082 - 3082 - 20*b. Give n(-1).
20
Let o be ((-11)/(-22))/(1/2). Suppose -2*r + 0 = -3*j - 2, 3*j + o = r. Let d(b) = -b**3 + b**2 + b - 7. What is d(j)?
-7
Suppose -3*a + 5*a + 30 = 3*p, p = -3*a + 21. Let q = p + -8. Suppose 0 = 3*b + q*w + 8, -4*b - 2*w + 0 = 4. Let o(h) = -h**2 + h + 4. Determine o(b).
4
Let j(t) = t**3 - 3*t**2 - 4*t + 6. Let g be j(4). Let l(k) = 6 + k**2 + 2*k + g*k + 0. Let s be (-11 - -6)/(0 + 1). Give l(s).
-9
Let k(c) = 25*c - 39. Let n(i) = -13*i + 21. Let t(x) = 6*k(x) + 11*n(x). Give t(2).
11
Let j(u) = u**2 + u - 1. Let y be (4/(-2))/(6/12). Let o be y/3*(-3)/2. Suppose -2 = o*s - s. Determine j(s).
1
Suppose 0 = -4*y + 20, 2*y = -5*j + 36 + 4. Let m(u) be the first derivative of j - 8*u - 1/2*u**2. What is m(-6)?
-2
Let r(s) = s**3 - 7*s**2 - 3*s - 4. Let p(d) = 2*d**3 - 2*d**2 + 13*d - 26. Let g be p(2). Determine r(g).
36
Let z = 9 + -9. Suppose -a - 2 = -2*u + 3*a, z = -5*a. Let v(r) be the second derivative of r**4/12 + r**3/6 - r**2/2 + 2*r. Calculate v(u).
1
Let s(q) = 1 - 5*q**3 + 5*q + 5*q**3 + 3*q**3 - 3*q**2 - 4*q**3. Calculate s(-4).
-3
Let j be 4/(-10) + (-150)/(-375). Let b(f) = -f**2 + f - 14. Determine b(j).
-14
Let g(v) = v**3 + 5*v**2 + 4*v + 2. Let z be g(-3). Suppose 8*r - 4*r - z = 0. Let d(a) = -3 - 4 + r - a + 0. What is d(0)?
-5
Let i(q) = -q - 3. Let o = 37 - 7. Suppose o + 12 = -7*z. Calculate i(z).
3
Let l = -3 - -10. Let h(a) = 91 + a - 94 - 60*a**2 + a**3 + 0*a + 53*a**2. What is h(l)?
4
Let v(w) = -w - 1. Let u(b) be the second derivative of -6*b + 0 + 0*b**2 - 1/6*b**3. Let d(r) = 6*u(r) - v(r). Calculate d(-1).
6
Let s(z) = z - 1. Let c(q) = 1. Let n(w) = -2*c(w) - 3*s(w). Suppose -14*g = -2*g - 36. Calculate n(g).
-8
Suppose -x + 5*h = 5, 0 = 4*x + 5*h - 74 + 19. Let w be (4/x)/(4/40). Let b(k) = -3*k - 1. What is b(w)?
-13
Suppose 12*x - 261 = -17*x. Let g(f) = f**2 - 12*f + 11. What is g(x)?
-16
Let v(z) = z. Let l(g) = -4*g - 2. Let i(f) = -f**2 - 6*f + 4. Let o be i(-7). Let m(j) = o*v(j) + l(j). Let a(p) = p. Let h(t) = 5*a(t) + m(t). Determine h(2).
-6
Let u be 1/((-90)/(-470)) + (-4)/18. Let z(r) = -r**2 + 2*r - 3. What is z(u)?
-18
Let m(q) = 2*q**2 + 4*q. Let h = -29 + 27. Let p(g) = 6*g**2 + 11*g. Let r(k) = h*p(k) + 7*m(k). Give r(-4).
8
Let v(u) = u**2 - 8*u + 3. Let y be v(8). Suppose 3*q + 3*p = -y, -q + 0*p - 2*p = -3. Let a(r) = 0*r**2 - 6*r**2 + r + r**2 + 4 - r**3. Give a(q).
-1
Suppose -5 = 2*y + 3, -2*a + 5*y + 10 = 0. Let c(m) = m - 5. Let p(w) = w - 4. Let z(i) = a*p(i) + 4*c(i). What is z(0)?
0
Let z = -10 + -1. Let i(m) be the second derivative of -m**3/6 - 5*m**2/2 + 3230*m. Determine i(z).
6
Let w(k) = -k + 2. Let l = -116 + 109. Let q(r) = -r + 3. Let s(g) = l*w(g) + 6*q(g). Let m be (-2)/((-6)/4 + 1). Calculate s(m).
8
Suppose 0 = -g + 2 + 4. Let x be 7 + -2 + 9/(-3). Let i(s) = -s - 5*s**3 - 8 + s**3 - x*s + 3*s**3 + 7*s**2. Determine i(g).
10
Let x(w) = w**3 - 8*w**2 + 2*w - 10. Let m = -206 - -214. Determine x(m).
6
Let n(p) be the third derivative of p**4/24 + p**3/3 - 319*p**2. Calculate n(-2).
0
Suppose -213*c + 226*c - 325 = 0. Let k(l) = -l + 31. Calculate k(c).
6
Suppose -4*z = -o + 4, -o + 2 = o - 2*z. Let l be 14*(o + (-2)/4). Let f(b) be the third derivative of -b**4/24 - 4*b**3/3 - 458*b**2. Calculate f(l).
-1
Let u(c) be the first derivative of c**3/3 + c**2/2 - c + 36. What is u(0)?
-1
Suppose -3*h + 8 = 2. Let d(v) be the first derivative of v**5/60 + v**4/8 - v**3/2 + 3*v**2/2 - 3. Let a(p) be the second derivative of d(p). Give a(h).
7
Let j(l) = -39*l**3 + l - 42*l**3 + 79*l**3 - 3*l**2 + 2. Let k be (-3)/2*(-8)/3. Let y be (-6)/k + (-3)/6. Calculate j(y).
4
Suppose -o - 1 + 13 = 2*c, -4*o - 4*c = -48. Let v(n) = n**3 - 13*n**2 + 10*n + 17. Give v(o).
-7
Let o be (-10)/(-8) + (-20)/16. Let h(p) = -4*p + 1. Give h(o).
1
Let d(s) = -s**2 + s - 15. Let u(j) = j**3 + 2*j**2 + 3*j + 2. Suppose 6 = t + 7. Let k be u(t). Give d(k).
-15
Let r(o) = -o**2 - o + 4. Let w(s) be the third derivative of s**6/120 - 7*s**5/30 + s**3/2 + s**2. Let p be w(14). Determine r(p).
-8
Let u = -1 - 6. Let n = -8 - u. Let o(s) = -6*s - 1. What is o(n)?
5
Let u(c) = c**3 - 9*c**2 + c - 6. Let i be (-284)/6*(-7)/(7/3). Let f = i + -133. Give u(f).
3
Let n(r) be the first derivative of r**4/4 - r**2/2 + 13*r + 70. Give n(0).
13
Suppose 4*h + h - 20 = 0, 4*h - 48 = -4*k. Let d(s) = 2*s**2 - 17*s + 9. What is d(k)?
1
Let t(y) = -y**3 + 3*y**2 - 3. Let x = -8 - -10. Suppose -x*d + 20 = 2*d, -46 = 3*v - 5*d. Let m = 10 + v. Calculate t(m).
-3
Let o(z) = -z**2 + 15*z - 11. Suppose -630*x + 631*x = 14. Calculate o(x).
3
Let x(l) be the third derivative of l**4/24 - 2*l**3/3 - 752*l**2. Let k(i) = 4*i + 2. Let g be k(-2). Let s be (-3 - -2)/(1/g). Determine x(s).
2
Suppose 5*d = j - 22, -j - 3 = -3*d - 15. Let n be (j/(-1 - 0) - 3)/2. Let u(r) = r**3 + r**2 + 3. Determine u(n).
3
Let z = 476 + -475. Let t(c) = -c**3 - 2*c**2 - c + 1. Give t(z).
-3
Let b = -111 - -109. Let j(k) = -2*k**3 - 3*k**2 - k + 1. Determine j(b).
7
Let y(s) = s**3 + 7*s**2 + 6*s + 2. Suppose -2*g = 2*h + 18, 12 + 0 = -4*g. Calculate y(h).
2
Let x(d) be the first derivative of -23 + 1/2*d**2 + 11*d. Suppose 4*b + 15 + 9 = 0. Determine x(b).
5
Let n be (-3 - -2)/5 + 936/(-120). Let y(j) = j**2 + 8*j + 6. Give y(n).
6
Let o(a) = -17*a - 1. Let q = -5 + 2. Let i be 5/15*q/(-1). Determine o(i).
-18
Let w(s) = -s**2 - 4*s. Let t = 84 + -72. Let h be -2*(-3)/(-9) + (-40)/t. Calculate w(h).
0
Let u = 5325 - 5324. Let w(x) = -37*x**2 - 9*x + 4. Let g(h) = 9*h**2 + 2*h - 1. Let v(l) = -9*g(l) - 2*w(l). De